mber?
True
Is 18041 a prime number?
True
Is 28333 a prime number?
False
Is 1646971 composite?
False
Is 18583 composite?
False
Is 493309 a composite number?
True
Is 71453 a composite number?
False
Is 11707 a prime number?
False
Is 588622 a composite number?
True
Is 353711 prime?
True
Is 339851 a composite number?
True
Is 170699 a composite number?
True
Is 257921 a prime number?
True
Is 63719 a composite number?
False
Is 120193 a prime number?
True
Is 18077 prime?
True
Is 345511 prime?
True
Is 36433 a composite number?
False
Is 273161 prime?
False
Is 255077 prime?
True
Is 997957 prime?
False
Is 27439 prime?
False
Is 11771 a prime number?
False
Is 1199 a prime number?
False
Is 174223 prime?
False
Is 18263 composite?
True
Is 1894 composite?
True
Is 25439 a composite number?
False
Is 159977 composite?
False
Is 863479 composite?
False
Is 797 a composite number?
False
Is 6015749 prime?
True
Is 75269 a composite number?
False
Is 268553 composite?
True
Is 18577 composite?
True
Is 5981 a prime number?
True
Is 495689 a prime number?
False
Is 2583223 a composite number?
False
Is 885127 a composite number?
False
Is 27449 composite?
False
Is 22978 prime?
False
Is 191623 prime?
False
Is 2447321 composite?
False
Is 19489 a composite number?
False
Is 1847 composite?
False
Is 32321 composite?
False
Is 14695 a composite number?
True
Is 12499 a prime number?
False
Is 4861 prime?
True
Is 20087 composite?
True
Is 109958 prime?
False
Is 851 composite?
True
Is 13705 a composite number?
True
Is 335765 prime?
False
Is 27143 prime?
True
Is 631 prime?
True
Is 133915 prime?
False
Is 10713 a prime number?
False
Is 134129 prime?
True
Is 1853977 composite?
False
Is 653 a composite number?
False
Is 306055 prime?
False
Is 23605 prime?
False
Is 123767 a prime number?
False
Is 241107 prime?
False
Is 371737 a prime number?
True
Is 78467 a composite number?
False
Is 21817 a composite number?
False
Is 5903 a composite number?
False
Is 4213 composite?
True
Is 284327 a composite number?
True
Is 31877 a prime number?
False
Is 541435 a composite number?
True
Is 48745 prime?
False
Is 97871 a prime number?
True
Is 11237 prime?
False
Is 7666 prime?
False
Is 513829 composite?
False
Is 59863 prime?
True
Is 6797 prime?
False
Is 6979 a prime number?
False
Is 210629 composite?
True
Is 13341 a prime number?
False
Is 2767 a composite number?
False
Is 3163 a composite number?
False
Is 437 a prime number?
False
Is 96517 prime?
True
Is 190319 a composite number?
True
Is 12219 prime?
False
Is 61249 prime?
False
Is 522601 a prime number?
True
Is 64667 composite?
False
Is 101687 composite?
True
Is 6913 prime?
False
Is 10057 composite?
True
Is 195373 a prime number?
False
Is 457129 prime?
False
Is 198173 a prime number?
True
Is 265033 composite?
True
Is 68351 a composite number?
False
Is 425401 prime?
False
Is 35229 composite?
True
Is 2098 a prime number?
False
Is 414487 a composite number?
False
Is 11731 prime?
True
Is 582007 prime?
False
Is 134023 composite?
True
Is 352249 prime?
True
Is 24281 composite?
False
Is 4717 prime?
False
Is 59219 composite?
False
Is 122297 a composite number?
True
Is 52357 a prime number?
False
Is 3989 prime?
True
Is 7795 a composite number?
True
Is 5755 a prime number?
False
Is 156419 prime?
True
Is 451 prime?
False
Is 377861 a prime number?
False
Is 7819 prime?
False
Is 1151 composite?
False
Is 26237 a prime number?
True
Is 28127 composite?
True
Is 10427 a composite number?
False
Is 292661 a composite number?
False
Is 127757 composite?
True
Is 312509 prime?
True
Is 1151 a composite number?
False
Is 49807 a composite number?
False
Is 2569 a composite number?
True
Is 24659 a composite number?
False
Is 10841 prime?
False
Is 108235 a prime number?
False
Is 954493 a composite number?
True
Is 92171 a composite number?
True
Is 4561 composite?
False
Is 21991 a composite number?
False
Is 2657 a prime number?
True
Is 791849 prime?
True
Is 824333 a prime number?
False
Is 1397 a prime number?
False
Is 941557 a composite number?
False
Is 1922269 a composite number?
False
Is 67843 composite?
False
Is 141 a prime number?
False
Is 19757 composite?
True
Is 2913 a prime number?
False
Is 33127 a composite number?
True
Is 17305 composite?
True
Is 26431 a prime number?
True
Is 157 a composite number?
False
Is 63197 a composite number?
False
Is 137327 composite?
True
Is 19027 prime?
False
Is 22901 a composite number?
False
Is 20021 prime?
True
Is 330499 prime?
False
Is 80035 composite?
True
Is 103231 a composite number?
False
Is 90203 prime?
True
Is 4201 composite?
False
Is 65959 a prime number?
False
Is 129691 composite?
True
Is 45737 prime?
True
Is 695 composite?
True
Is 519193 prime?
True
Is 19331 a composite number?
True
Is 5062 composite?
True
Is 2371 prime?
True
Is 272603 a composite number?
False
Is 66455 a composite number?
True
Is 6283 prime?
False
Is 29101 a composite number?
False
Is 863363 a composite number?
False
Is 304267 a composite number?
True
Is 3805 a prime number?
False
Is 137539 a prime number?
False
Is 3440953 a prime number?
False
Is 6029 a prime number?
True
Is 62591 prime?
True
Is 8857 a composite number?
True
Is 68879 a prime number?
True
Is 636403 a composite number?
False
Is 57773 composite?
False
Is 56501 composite?
False
Is 21223 prime?
False
Is 7483 composite?
True
Is 14411 composite?
False
Is 204707 a composite number?
False
Is 209639 prime?
True
Is 110681 a composite number?
False
Is 16183 a composite number?
False
Is 77131 composite?
True
Is 21415 prime?
False
Is 1657 a prime number?
True
Is 85111 composite?
True
Is 71047 prime?
False
Is 146635 prime?
False
Is 164569 a prime number?
True
Is 18599 a prime number?
False
Is 820673 composite?
True
Is 193283 a composite number?
False
Is 5227 prime?
True
Is 48703 composite?
True
Is 85691 prime?
True
Is 405682 composite?
True
Is 1213 composite?
False
Is 809 a composite number?
False
Is 84377 a composite number?
False
Is 2427 a composite number?
True
Is 7907 composite?
False
Is 953 prime?
True
Is 19139 prime?
True
Is 196309 composite?
True
Is 281153 a prime number?
True
Is 16161 prime?
False
Is 37217 a composite number?
False
Is 342889 a prime number?
True
Is 1257 composite?
True
Is 6143 composite?
False
Is 646099 a prime number?
True
Is 54829 prime?
True
Is 93463 prime?
True
Is 463613 a composite number?
False
Is 653431 a prime number?
True
Is 90397 a composite number?
False
Is 47155 a prime number?
False
Is 5297 composite?
False
Is 190049 a composite number?
True
Is 3943 a prime number?
True
Is 1689 composite?
True
Is 34421 prime?
True
Is 313879 a composite number?
False
Is 49157 a prime number?
True
Is 438569 a prime number?
True
Is 5314 composite?
True
Is 7822 prime?
False
Is 21815 a prime number?
False
Is 116089 a prime number?
True
Is 240169 composite?
False
Is 389603 composite?
True
Is 113453 composite?
False
Is 3407 a prime number?
True
Is 8915 composite?
True
Is 5078729 a prime number?
True
Is 735817 prime?
False
Is 298867 a prime number?
False
Is 927961 composite?
False
Is 117277 composite?
True
Is 722991 a prime number?
False
Is 1687963 prime?
True
Is 33589 a composite number?
False
Is 228197 prime?
True
Is 26927 prime?
True
Is 2437 a composite number?
False
Is 70157 a prime number?
True
Is 1901 a prime number?
True
Is 17783 a prime number?
True
Is 32603 composite?
False
Is 1098967 prime?
True
Is 9403 a composite number?
False
Is 14039 a composite number?
True
Is 91541 a prime number?
True
Is 960871 a prime number?
False
Is 1284891 a composite number?
True
Is 1411 a prime number?
False
Is 270929 a composite number?
True
Is 241409 a composite number?
True
Is 3940343 composite?
True
Is 748247 prime?
False
Is 1151 composite?
False
Is 28601 composite?
True
Is 2579 prime?
True
Is 1333 composite?
True
Is 2991 a composite number?
True
Is 161947 composite?
False
Is 100819 a composite number?
True
Is 134623 a prime number?
False
Is 26053 a composite number?
False
Is 11053 prime?
False
Is 8999 a prime number?
True
Is 292679 a composite number?
False
Is 1559647 composite?
False
Is 2057477 a composite number?
False
Is 186947 a composite number?
False
Is 728578 prime?
False
Is 3593 a prime number?
True
Is 3251 prime?
True
Is 21857 a composite number?
True
Is 254249 a composite number?
False
Is 5051 a prime number?